ctor of b and m?
20
Let z(v) = v**3 + 5*v**2 - 5*v + 3. Let c be z(3). What is the highest common divisor of c and 750?
30
Let g be (-5 - (-57)/9) + -2 - (-1280)/48. Calculate the highest common divisor of 5447 and g.
13
Suppose -11*d = -12*d - i + 415, -3*d - 5*i + 1235 = 0. Suppose -22*a + 46*a - 840 = 0. What is the highest common factor of d and a?
35
Let f(b) = 6 + 3*b**2 - 6 + b. Let o be f(1). Let g = -45334 + 45346. Calculate the highest common divisor of g and o.
4
Let a(k) = -k + 29. Suppose 0 = 10*r + 36 + 4. Let v be a(r). Calculate the highest common divisor of 253 and v.
11
Let w = 532 + 108. Calculate the highest common factor of 30 and w.
10
Let h(m) = 9*m - 5. Let s be h(-6). Let g = -53 - s. Suppose -g*p - 13 = -61. What is the highest common factor of p and 32?
8
Suppose 0 = z - 5*i - 11 - 4, 4*z + 2*i + 28 = 0. Let r = z - -10. Let v(n) = n**3 + n + 45. Let k be v(0). What is the highest common factor of k and r?
5
Suppose -825 - 1443 = -184*g + 492. Calculate the greatest common divisor of 237 and g.
3
Let b(k) = 17*k**2 - 36*k + 95. Let c(d) = -9*d**2 + 19*d - 48. Let t(w) = 3*b(w) + 5*c(w). Let v be t(8). What is the highest common factor of 13 and v?
13
Suppose a - p - 4 = 0, 6*p = -3*a + 3*p. Let x be (2 - a) + 11*7. Let m = -894 - -901. What is the greatest common divisor of m and x?
7
Suppose -4080 = -4974*r + 4959*r. Calculate the greatest common factor of 48 and r.
16
Let g(w) = w**2 + 25*w + 15. Let m be g(-31). Let p = 217 - m. What is the greatest common divisor of 1 and p?
1
Let n = -16 + 21. Suppose -n*q + g = -q - 118, q = -5*g + 19. Let l be q + (2 - (2 + -1)). What is the greatest common factor of l and 20?
10
Suppose 0 = 127*n - 137*n + 180. Suppose -10230 = -n*y + 30. What is the highest common factor of y and 30?
30
Let x(m) = -2*m**2 - 2*m - 9. Let u be x(-7). Let d = 103 + u. Calculate the highest common divisor of 70 and d.
10
Suppose -39*m - 5*u = -35*m - 85, 4*u - 88 = -4*m. Let s(w) = w**2 + 5*w + 4. Let c be s(-6). Calculate the highest common factor of m and c.
5
Let x(c) = 17*c**2 + 445*c - 7378. Let z be x(16). Calculate the greatest common divisor of 1424 and z.
178
Suppose -2*t + 8 = -a + 236, 2*a - 5*t - 462 = 0. What is the greatest common divisor of a and 10908?
108
Suppose -7*o + 108 = 3*o - o. Suppose x + 37 = c, -2*c + 69 = x - 2*x. What is the highest common divisor of c and o?
4
Let v be (-85022)/(-98) - (6 + 114/(-21)). Calculate the greatest common divisor of v and 357.
51
Let x = 5 - 2. Suppose -6*l - 3*a = -11*l - 4, 0 = 3*a + 6. Let b be l/(-1) + -1 + 0. Calculate the greatest common factor of b and x.
1
Let t be (2/((-6)/(-45)))/(6/8). Suppose u - 4*u + 12 = 0. Let m be u/8 + 60/8. Calculate the highest common factor of m and t.
4
Suppose 0 = -r - 2*g + 24, -3*g = 5*r - 75 - 3. Suppose c + f = -4*c + 542, -2*c + 218 = f. Calculate the highest common divisor of c and r.
12
Suppose -5*t + 17 = -4*l, 0*l + t - 9 = -2*l. Suppose 5*m - 44 = -64. Let o be (-90 - l)/m + 3/(-1). Calculate the highest common factor of o and 50.
10
Let d be ((-12)/10)/(2/(-200)). Suppose 5*f + 5*s - s = 59, f - 4*s - 31 = 0. Calculate the greatest common divisor of d and f.
15
Suppose -k + 4*k - 21 = 0. Suppose 4*m = 4*p - 68, 3*p + 4*m + 10 = 40. What is the greatest common divisor of p and k?
7
Let c(n) = 2*n**3 + 28*n**2 + 12. Let v(t) = -2*t + 22. Let y = -12 - -30. Let r be v(y). Let o be c(r). Calculate the greatest common factor of o and 48.
12
Let f(r) = 5*r**3 - 48*r**2 - 9*r + 13. Let o be f(10). What is the greatest common factor of 2911 and o?
41
Let l = -114 + 194. Suppose 0 = i - 13 + 1. Suppose 13*j - 11 = -s + 8*j, -s = 4*j - i. Calculate the greatest common divisor of l and s.
16
Suppose 3*d - 279 = 10602. Let f be d/(-130) + (-2)/20. Let h be (f - -30) + (26 - 1). Calculate the highest common divisor of h and 3.
3
Suppose -1279 = -5*w + s, 8*w + 2*s + s - 2028 = 0. Suppose 0*y - y + 5*q + 5 = 0, y - 2*q - 20 = 0. Calculate the greatest common factor of w and y.
15
Let q = -3290 - -4487. What is the highest common divisor of 14 and q?
7
Let v be 11/((-2184)/(-438) - 5)*(-2)/2. Calculate the greatest common divisor of 1241 and v.
73
Suppose 4*l = -8*l - 5*l + 1428. Suppose -2*r = -51 - 369. Suppose 0 = -u - 4*y + r, 5*u - 4*y - 420 = 3*u. Calculate the highest common divisor of u and l.
42
Suppose -319 - 266 = -5*o. Let i(d) = -d - 6. Let f(p) = -1. Let y(t) = -4*f(t) - i(t). Let x be y(3). What is the greatest common factor of x and o?
13
Let t(g) = 5*g**3 + 25*g**2 - g - 54. Let q be t(-4). Calculate the highest common factor of q and 26610.
30
Suppose 4*l = 11*l + 1120. Let r = l + 179. Calculate the greatest common factor of 133 and r.
19
Let k be -12*(5 + -14 + 4). Let l be 20/15 - (-96)/9. Let v = l + 33. Calculate the highest common divisor of v and k.
15
Suppose -569790 = -84*n - 13*n - 33*n. What is the highest common divisor of 72 and n?
9
Suppose 1317 = 3*n - 2*v, 5*n + 3*v = 9*n - 1757. Calculate the greatest common divisor of 69 and n.
23
Let h(u) = -u**2 - 16*u - 14. Let c be h(-7). Suppose -c*j = -52*j + 45. Let k be ((2 - 6) + -1)*-1. What is the greatest common divisor of k and j?
5
Suppose 140*i - 527296 - 115304 = 0. What is the greatest common factor of i and 45?
45
Let h be -1 - (-1)/((-4)/416 + 0). Let o = -57 - h. Suppose -5*a + 9*a = 5*y - 608, -368 = -3*y + 4*a. What is the highest common divisor of y and o?
24
Let y = -23773 + 23784. Let j = 110 + 22. Calculate the greatest common divisor of j and y.
11
Suppose -6*z = -5616 + 4902. What is the greatest common divisor of z and 16184?
119
Suppose 56*j = 53429 + 264898 + 23665. Calculate the greatest common factor of 248 and j.
31
Suppose -k - 14*v + 9*v = -196, 0 = -2*k - 3*v + 427. Calculate the greatest common divisor of 39 and k.
13
Let z be 1 + (2 - (-4 - -2)). Suppose -4*c - z = -13. Let l = 50 + -28. Calculate the highest common factor of l and c.
2
Let a(p) = p**3 + 13*p**2 + 6*p - 56. Let c be a(-12). Suppose -19*j + c*j + 1377 = 0. Calculate the highest common divisor of 34 and j.
17
Let h = -9671 - -10373. Calculate the greatest common divisor of h and 1209.
39
Suppose -5*y + 5*z = -115, -5*y - 4*z + 56 = -86. Suppose -850 = -4*n + 3*j, 0 = -2*n + 8*j + 764 - 300. What is the greatest common factor of y and n?
26
Suppose 0 = 5*g - 4 - 1. Let j(u) = u**2 - 50*u - 211. Let r be j(-4). Let p = r + g. What is the greatest common factor of 9 and p?
3
Suppose -169*s = -107*s - 19592. Calculate the greatest common divisor of s and 5530.
158
Let q = -180 - -208. Suppose -33*a + 27*a = -4452. What is the greatest common factor of q and a?
14
Let j be (546/(-49))/(12/42). Let i(x) = -65*x**3 - 1. Let h be i(1). Let o = j - h. What is the greatest common factor of 18 and o?
9
Suppose 2*s = 3*l + 1932, -7*l + 1932 = 2*s - 12*l. What is the greatest common divisor of 552 and s?
138
Let f(q) = -4*q + 12. Let m be f(2). Suppose -44*j = -m*r - 49*j + 215, 60 = r - 5*j. Calculate the greatest common divisor of 10 and r.
5
Let h(g) = -12*g - 344. Let v be h(-35). What is the greatest common divisor of v and 1539?
19
Let n(i) = -126*i - 2586. Let t be n(-27). What is the highest common divisor of 192 and t?
48
Let j(f) = -f**3 + 8*f**2 + 66*f - 270. Let w be j(4). What is the highest common factor of w and 2668?
58
Suppose 0 = 31*m - 46*m + 38475. Calculate the greatest common divisor of 54 and m.
27
Let t be 9/15*1 - 1617/(-5). Let r = -2958 + 2964. What is the highest common factor of t and r?
6
Let v be (-2)/((-219)/(-45) - 5). Let p be (-1 + -2)*(-7 + (4 - -2)). What is the highest common factor of p and v?
3
Suppose 62*c = -c + 98140 + 57155. What is the greatest common divisor of c and 425?
85
Let x = -936 + 1368. Suppose 0 = -6*i + 30 + x. What is the greatest common factor of 33 and i?
11
Suppose 218*x - 215*x - 2*p - 154 = 0, 2*x - 3*p = 106. Calculate the highest common factor of x and 155.
5
Let j(n) = n**3 - 52*n**2 - 60*n + 237. Let w be j(54). Calculate the greatest common divisor of 1599 and w.
123
Suppose 5*t + 5*m = 190, 2*m = -0*m - 8. Suppose -5*r + t = -18. Let a = r - -68. Calculate the greatest common divisor of a and 10.
10
Let m be 2 + 24/(-10) + (-7270)/(-50). Suppose 3*b = 5*g - 293, -3*g - 2*b